{"id":41,"date":"2013-07-30T16:50:18","date_gmt":"2013-07-30T16:50:18","guid":{"rendered":"http:\/\/peritajemedicovalencia.es\/?page_id=41"},"modified":"2026-01-26T15:09:37","modified_gmt":"2026-01-26T15:09:37","slug":"video","status":"publish","type":"page","link":"http:\/\/peritajemedicovalencia.es\/index.php\/video\/","title":{"rendered":"V\u00cdDEOS"},"content":{"rendered":"\t\t<div data-elementor-type=\"wp-page\" data-elementor-id=\"41\" class=\"elementor elementor-41\">\n\t\t\t\t<div class=\"elementor-element elementor-element-5e516b44 e-flex e-con-boxed e-con e-parent\" data-id=\"5e516b44\" data-element_type=\"container\" data-e-type=\"container\">\n\t\t\t\t\t<div class=\"e-con-inner\">\n\t\t\t\t<div class=\"elementor-element elementor-element-40a1e23 elementor-widget elementor-widget-text-editor\" data-id=\"40a1e23\" data-element_type=\"widget\" data-e-type=\"widget\" data-widget_type=\"text-editor.default\">\n\t\t\t\t\t\t\t\t\t<h3>Peritos m\u00e9dicos: cuestiones b\u00e1sicas<\/h3><p>[dropshadowbox align=\u00bbcenter\u00bb effect=\u00bblifted-both\u00bb width=\u00bb644px\u00bb height=\u00bb\u00bb background_color=\u00bb#ffffff\u00bb border_width=\u00bb1&#8243; border_color=\u00bb#dddddd\u00bb ]<iframe src=\"https:\/\/www.youtube.com\/embed\/xOqvKgVl-4U\" width=\"644\" height=\"360\" frameborder=\"0\" allowfullscreen=\"allowfullscreen\"><\/iframe>[\/dropshadowbox]<\/p><h3>Peritos m\u00e9dicos para profesionales<\/h3><p>[dropshadowbox align=\u00bbcenter\u00bb effect=\u00bblifted-both\u00bb width=\u00bb644px\u00bb height=\u00bb\u00bb background_color=\u00bb#ffffff\u00bb border_width=\u00bb1&#8243; border_color=\u00bb#dddddd\u00bb ]<iframe src=\"https:\/\/www.youtube.com\/embed\/fNGup7-W76A\" width=\"644\" height=\"360\" frameborder=\"0\" allowfullscreen=\"allowfullscreen\"><\/iframe>[\/dropshadowbox]<\/p><h3>\u00bfCu\u00e1ndo necesitas un perito m\u00e9dico?<\/h3><p>Peritaje M\u00e9dico Valencia te explica cu\u00e1ndo puedes necesitar un perito m\u00e9dico y que servicios te podemos prestar.<\/p><p>[dropshadowbox align=\u00bbcenter\u00bb effect=\u00bblifted-both\u00bb width=\u00bb644px\u00bb height=\u00bb\u00bb background_color=\u00bb#ffffff\u00bb border_width=\u00bb1&#8243; border_color=\u00bb#dddddd\u00bb ]<iframe src=\"\/\/www.youtube.com\/embed\/Rcq1jESLWP0\" width=\"644\" height=\"360\" frameborder=\"0\" allowfullscreen=\"allowfullscreen\"><\/iframe>[\/dropshadowbox]<\/p><p>[dropshadowbox align=\u00bbcenter\u00bb effect=\u00bblifted-both\u00bb width=\u00bb644px\u00bb height=\u00bb\u00bb background_color=\u00bb#ffffff\u00bb border_width=\u00bb1&#8243; border_color=\u00bb#dddddd\u00bb ]<iframe src=\"\/\/www.youtube.com\/embed\/aMuDfIN3tkk\" width=\"644\" height=\"360\" frameborder=\"0\" allowfullscreen=\"allowfullscreen\"><\/iframe>[\/dropshadowbox]<\/p><p>\u00a0<\/p><h2 style=\"text-align: center;\"><a title=\"consulta formulario\" href=\"http:\/\/peritajemedicovalencia.es\/index.php\/consultanos\/\">PONTE EN CONTACTO CON NOSOTROS<\/a><\/h2><p>Dra. Susanna Guerra: 600 446 695<\/p><p>peritajemedicovalencia@gmail.com<\/p>\t\t\t\t\t\t\t\t<\/div>\n\t\t\t\t\t<\/div>\n\t\t\t\t<\/div>\n\t\t\t\t<\/div>\n\t\t","protected":false},"excerpt":{"rendered":"<p>Peritos m\u00e9dicos: cuestiones b\u00e1sicas [dropshadowbox align=\u00bbcenter\u00bb effect=\u00bblifted-both\u00bb width=\u00bb644px\u00bb height=\u00bb\u00bb background_color=\u00bb#ffffff\u00bb border_width=\u00bb1&#8243; border_color=\u00bb#dddddd\u00bb ][\/dropshadowbox] Peritos m\u00e9dicos para profesionales [dropshadowbox align=\u00bbcenter\u00bb effect=\u00bblifted-both\u00bb width=\u00bb644px\u00bb height=\u00bb\u00bb background_color=\u00bb#ffffff\u00bb border_width=\u00bb1&#8243; border_color=\u00bb#dddddd\u00bb ][\/dropshadowbox] \u00bfCu\u00e1ndo necesitas un perito m\u00e9dico? Peritaje M\u00e9dico Valencia te explica cu\u00e1ndo puedes necesitar un perito m\u00e9dico y que servicios te podemos prestar. [dropshadowbox align=\u00bbcenter\u00bb<a href=\"http:\/\/peritajemedicovalencia.es\/index.php\/video\/\" class=\"read-more\">Read the Rest&#8230;<\/a><\/p>\n","protected":false},"author":1,"featured_media":751,"parent":0,"menu_order":0,"comment_status":"closed","ping_status":"closed","template":"","meta":{"_exactmetrics_skip_tracking":false,"_exactmetrics_sitenote_active":false,"_exactmetrics_sitenote_note":"","_exactmetrics_sitenote_category":0,"footnotes":""},"class_list":["post-41","page","type-page","status-publish","has-post-thumbnail","hentry"],"_links":{"self":[{"href":"http:\/\/peritajemedicovalencia.es\/index.php\/wp-json\/wp\/v2\/pages\/41","targetHints":{"allow":["GET"]}}],"collection":[{"href":"http:\/\/peritajemedicovalencia.es\/index.php\/wp-json\/wp\/v2\/pages"}],"about":[{"href":"http:\/\/peritajemedicovalencia.es\/index.php\/wp-json\/wp\/v2\/types\/page"}],"author":[{"embeddable":true,"href":"http:\/\/peritajemedicovalencia.es\/index.php\/wp-json\/wp\/v2\/users\/1"}],"replies":[{"embeddable":true,"href":"http:\/\/peritajemedicovalencia.es\/index.php\/wp-json\/wp\/v2\/comments?post=41"}],"version-history":[{"count":41,"href":"http:\/\/peritajemedicovalencia.es\/index.php\/wp-json\/wp\/v2\/pages\/41\/revisions"}],"predecessor-version":[{"id":1300,"href":"http:\/\/peritajemedicovalencia.es\/index.php\/wp-json\/wp\/v2\/pages\/41\/revisions\/1300"}],"wp:featuredmedia":[{"embeddable":true,"href":"http:\/\/peritajemedicovalencia.es\/index.php\/wp-json\/wp\/v2\/media\/751"}],"wp:attachment":[{"href":"http:\/\/peritajemedicovalencia.es\/index.php\/wp-json\/wp\/v2\/media?parent=41"}],"curies":[{"name":"wp","href":"https:\/\/api.w.org\/{rel}","templated":true}]}}