{"id":21,"date":"2013-07-30T16:08:21","date_gmt":"2013-07-30T16:08:21","guid":{"rendered":"http:\/\/peritajemedicovalencia.es\/?page_id=21"},"modified":"2015-04-01T09:51:41","modified_gmt":"2015-04-01T09:51:41","slug":"servicios","status":"publish","type":"page","link":"http:\/\/peritajemedicovalencia.es\/index.php\/servicios\/","title":{"rendered":"SERVICIOS"},"content":{"rendered":"<h2 style=\"text-align: center;\">[dropshadowbox align=\u00bbleft\u00bb effect=\u00bblifted-both\u00bb width=\u00bb500px\u00bb height=\u00bb\u00bb background_color=\u00bb#ffffff\u00bb border_width=\u00bb1&#8243; border_color=\u00bb#dddddd\u00bb ]<a href=\"http:\/\/peritajemedicovalencia.es\/wp-content\/uploads\/41_apreton_de_manos_004.jpg\"><img fetchpriority=\"high\" decoding=\"async\" class=\"aligncenter  wp-image-752\" src=\"http:\/\/peritajemedicovalencia.es\/wp-content\/uploads\/41_apreton_de_manos_004-700x382.jpg\" alt=\"Asesoramiento peritos m\u00e9diso en Valencia\" width=\"607\" height=\"331\" srcset=\"http:\/\/peritajemedicovalencia.es\/wp-content\/uploads\/41_apreton_de_manos_004-700x382.jpg 700w, http:\/\/peritajemedicovalencia.es\/wp-content\/uploads\/41_apreton_de_manos_004-300x163.jpg 300w, http:\/\/peritajemedicovalencia.es\/wp-content\/uploads\/41_apreton_de_manos_004.jpg 1000w\" sizes=\"(max-width: 607px) 100vw, 607px\" \/><\/a>[\/dropshadowbox] [dropshadowbox align=\u00bbright\u00bb effect=\u00bblifted-both\u00bb width=\u00bb500px\u00bb height=\u00bb\u00bb background_color=\u00bb#ffffff\u00bb border_width=\u00bb1&#8243; border_color=\u00bb#dddddd\u00bb ]<a href=\"http:\/\/peritajemedicovalencia.es\/wp-content\/uploads\/33_Susanna_06_004.jpg\"><img decoding=\"async\" class=\"aligncenter size-full wp-image-749\" src=\"http:\/\/peritajemedicovalencia.es\/wp-content\/uploads\/33_Susanna_06_004.jpg\" alt=\"Susanna Guerra Perito M\u00e9dico especialista\" width=\"1000\" height=\"563\" srcset=\"http:\/\/peritajemedicovalencia.es\/wp-content\/uploads\/33_Susanna_06_004.jpg 1000w, http:\/\/peritajemedicovalencia.es\/wp-content\/uploads\/33_Susanna_06_004-700x394.jpg 700w, http:\/\/peritajemedicovalencia.es\/wp-content\/uploads\/33_Susanna_06_004-300x168.jpg 300w\" sizes=\"(max-width: 1000px) 100vw, 1000px\" \/><\/a>[\/dropshadowbox]<\/h2>\n<h2 style=\"text-align: center;\">SERVICIOS<\/h2>\n<h4>PERITACIONES .<\/h4>\n<h4>ASESORIA.<\/h4>\n<p>Asesoramiento en materia de salud f\u00edsica a\u00a0 profesionales.<\/p>\n<p>Segunda opini\u00f3n m\u00e9dica.<\/p>\n<h4>\u00a0PROCESOS CIVILES.<\/h4>\n<p>Lesiones por accidentes de tr\u00e1fico.<\/p>\n<p>Valoraci\u00f3n de da\u00f1o corporal y secuelas f\u00edsicas por accidentes, lesiones, enfermedades, etc.<\/p>\n<p>An\u00e1lisis pericial de pruebas documentales.<\/p>\n<h4>LESIONES POR ACCIDENTES LABORALES.<\/h4>\n<p>Incapacidad laboral por enfermedad f\u00edsica.<\/p>\n<p>Incapacidad temporal.<\/p>\n<p>Incapacidad permanente.<\/p>\n<p>Incapacidad absoluta.<\/p>\n<p>Gran invalidez.<\/p>\n<p>Valoraci\u00f3n de secuelas en accidente laborales.<\/p>\n<p>&nbsp;<\/p>\n<h2>Peritos m\u00e9dicos en Valencia: \u00bfcu\u00e1ndo necestias un perito m\u00e9dico?<\/h2>\n<h2>[dropshadowbox align=\u00bbcenter\u00bb effect=\u00bblifted-both\u00bb width=\u00bb640px\u00bb height=\u00bb\u00bb background_color=\u00bb#ffffff\u00bb border_width=\u00bb1&#8243; border_color=\u00bb#dddddd\u00bb ]<iframe src=\"\/\/www.youtube.com\/embed\/Rcq1jESLWP0\" width=\"640\" height=\"360\" frameborder=\"0\" allowfullscreen=\"allowfullscreen\"><\/iframe>[\/dropshadowbox]<\/h2>\n<p>&nbsp;<\/p>\n<h2 style=\"text-align: center;\"><a title=\"consulta formulario\" href=\"http:\/\/peritajemedicovalencia.es\/index.php\/consultanos\/\">PONTE EN CONTACTO CON NOSOTROS<\/a><\/h2>\n<p>&nbsp;<\/p>\n<p>&nbsp;<\/p>\n","protected":false},"excerpt":{"rendered":"<p>[dropshadowbox align=\u00bbleft\u00bb effect=\u00bblifted-both\u00bb width=\u00bb500px\u00bb height=\u00bb\u00bb background_color=\u00bb#ffffff\u00bb border_width=\u00bb1&#8243; border_color=\u00bb#dddddd\u00bb ][\/dropshadowbox] [dropshadowbox align=\u00bbright\u00bb effect=\u00bblifted-both\u00bb width=\u00bb500px\u00bb height=\u00bb\u00bb background_color=\u00bb#ffffff\u00bb border_width=\u00bb1&#8243; border_color=\u00bb#dddddd\u00bb ][\/dropshadowbox] SERVICIOS PERITACIONES . ASESORIA. Asesoramiento en materia de salud f\u00edsica a\u00a0 profesionales. Segunda opini\u00f3n m\u00e9dica. \u00a0PROCESOS CIVILES. Lesiones por accidentes de tr\u00e1fico. Valoraci\u00f3n de da\u00f1o corporal y secuelas f\u00edsicas por accidentes, lesiones,<a href=\"http:\/\/peritajemedicovalencia.es\/index.php\/servicios\/\" class=\"read-more\">Read the Rest&#8230;<\/a><\/p>\n","protected":false},"author":1,"featured_media":801,"parent":0,"menu_order":0,"comment_status":"closed","ping_status":"closed","template":"fullwidth.php","meta":{"_exactmetrics_skip_tracking":false,"_exactmetrics_sitenote_active":false,"_exactmetrics_sitenote_note":"","_exactmetrics_sitenote_category":0,"footnotes":""},"class_list":["post-21","page","type-page","status-publish","has-post-thumbnail","hentry"],"_links":{"self":[{"href":"http:\/\/peritajemedicovalencia.es\/index.php\/wp-json\/wp\/v2\/pages\/21","targetHints":{"allow":["GET"]}}],"collection":[{"href":"http:\/\/peritajemedicovalencia.es\/index.php\/wp-json\/wp\/v2\/pages"}],"about":[{"href":"http:\/\/peritajemedicovalencia.es\/index.php\/wp-json\/wp\/v2\/types\/page"}],"author":[{"embeddable":true,"href":"http:\/\/peritajemedicovalencia.es\/index.php\/wp-json\/wp\/v2\/users\/1"}],"replies":[{"embeddable":true,"href":"http:\/\/peritajemedicovalencia.es\/index.php\/wp-json\/wp\/v2\/comments?post=21"}],"version-history":[{"count":18,"href":"http:\/\/peritajemedicovalencia.es\/index.php\/wp-json\/wp\/v2\/pages\/21\/revisions"}],"predecessor-version":[{"id":1221,"href":"http:\/\/peritajemedicovalencia.es\/index.php\/wp-json\/wp\/v2\/pages\/21\/revisions\/1221"}],"wp:featuredmedia":[{"embeddable":true,"href":"http:\/\/peritajemedicovalencia.es\/index.php\/wp-json\/wp\/v2\/media\/801"}],"wp:attachment":[{"href":"http:\/\/peritajemedicovalencia.es\/index.php\/wp-json\/wp\/v2\/media?parent=21"}],"curies":[{"name":"wp","href":"https:\/\/api.w.org\/{rel}","templated":true}]}}